{"id":345,"date":"2026-08-30T15:28:31","date_gmt":"2026-08-30T19:28:31","guid":{"rendered":"https:\/\/redarte.cl\/?page_id=345"},"modified":"2026-08-30T15:39:05","modified_gmt":"2026-08-30T19:39:05","slug":"345-2","status":"publish","type":"page","link":"https:\/\/redarte.cl\/index.php\/345-2\/","title":{"rendered":"Margarita C\u00e1ceres"},"content":{"rendered":"<div class=\"et_pb_section_0 et_pb_section et_section_regular et_flex_section\">\n<div class=\"et_pb_row_0 et_pb_row et_flex_row\">\n<div class=\"et_pb_column_0 et_pb_column et_flex_column et_pb_css_mix_blend_mode_passthrough et_flex_column_12_24 et_flex_column_12_24_tablet et_flex_column_24_24_phone\">\n<div class=\"et_pb_image_0 et_pb_image et_pb_module et_flex_module preset--module--divi-image--default\"><span class=\"et_pb_image_wrap\"><img loading=\"lazy\" decoding=\"async\" src=\"https:\/\/redarte.cl\/wp-content\/uploads\/2026\/08\/1000234700.png\" title=\"1000234700\" width=\"1080\" height=\"1350\" class=\"wp-image-338\" \/><\/span><\/div>\n<\/div>\n\n<div class=\"et_pb_column_1 et_pb_column et-last-child et_flex_column et_pb_css_mix_blend_mode_passthrough et_flex_column_12_24 et_flex_column_12_24_tablet et_flex_column_24_24_phone\">\n<div class=\"et_pb_row_1 et_pb_row et_pb_row_nested et_flex_row\">\n<div class=\"et_pb_column_2 et_pb_column et-last-child et_flex_column et_pb_css_mix_blend_mode_passthrough et_flex_column_24_24 et_flex_column_24_24_tablet et_flex_column_24_24_phone\">\n<div class=\"et_pb_image_1 et_pb_image et_pb_module et_flex_module preset--module--divi-image--default\"><span class=\"et_pb_image_wrap\"><img loading=\"lazy\" decoding=\"async\" src=\"https:\/\/redarte.cl\/wp-content\/uploads\/2026\/06\/IMG_20260612_140258-scaled.jpg\" title=\"IMG_20260612_140258\" width=\"2560\" height=\"2560\" class=\"wp-image-307\" \/><\/span><\/div>\n<\/div>\n<\/div>\n\n<div class=\"et_pb_image_2 et_pb_image et_pb_module et_flex_module preset--module--divi-image--default\"><span class=\"et_pb_image_wrap\"><img loading=\"lazy\" decoding=\"async\" src=\"https:\/\/redarte.cl\/wp-content\/uploads\/2026\/06\/1782222069717-scaled.jpg\" title=\"1782222069717\" width=\"2560\" height=\"2560\" class=\"wp-image-294\" \/><\/span><\/div>\n<\/div>\n<\/div>\n<\/div>\n\n<div class=\"et_pb_section_1 et_pb_section et_section_regular et_flex_section\">\n<div class=\"et_pb_row_2 et_pb_row et_flex_row\">\n<div class=\"et_pb_column_3 et_pb_column et-last-child et_flex_column et_pb_css_mix_blend_mode_passthrough et_flex_column_24_24 et_flex_column_24_24_tablet et_flex_column_24_24_phone\">\n<div class=\"et_pb_text_0 et_pb_text et_pb_bg_layout_light et_pb_module et_flex_module preset--module--divi-text--default\"><div class=\"et_pb_text_inner\"><p>Margarita C\u00e1ceres expone aqu\u00ed una obra instalativa definida como un micro taller compuesto por objetos formados con tierra, donde un artista puede habitar el vac\u00edo de manera l\u00fadica. Esta contemplaci\u00f3n pretende tributar esta sencilla materialidad para la inventiva humana sustentable, siendo tan accesible, d\u00factil y significativa que nos determina incluso vitalmente en lo pr\u00e1ctico como en lo simb\u00f3lico. Nuestro cuerpo est\u00e1 en correspondencia con este elemento.\u00a0<\/p>\n<p>Cuando decimos la palabra tierra, \u00e9sta resuena multidimensionalmente en la realidad. Valorar esta potencia arcana de la tierra no solo implica acciones de sustentabilidad, tambi\u00e9n nos lleva a una consciencia cosmog\u00f3nica de lo sagrado que nos constituye, donde el arquetipo de la tierra es nuestra madre, nuestra fuente nutritiva y protectora. La met\u00e1fora de esta obra apunta a la posibilidad de rehabilitar en las artes contempor\u00e1neas lo artesanal como re-valorizaci\u00f3n de lo humano, en tanto es uno con la naturaleza.<\/p>\n<p>La obra\u00a0 est\u00e1 compuesta por mini adoberas, bloques de adobe, recipientes de cer\u00e1mica, tierra en bruto y el micro d\u00edptico \u201cOto\u00f1o\u201d realizada sobre una placa de barro revocada con tierra sobre atriles. Se concentra la artista en crear diversidad de texturas a partir de la tierra del territorio que habita, a trav\u00e9s de las que comparte con el espectador una representaci\u00f3n de su taller a escala, para ser observado desde la intimidad que proporciona la cercan\u00eda y la presencia. Junto a esto, el dispositivo expositivo indica un c\u00f3digo QR para que el espectador escuche individualmente una capa sonora que contextualiza la obra con los sonidos mat\u00e9ricos en el tratamiento de la tierra.\u00a0\u00a0<\/p>\n<p>Curadora Luc\u00eda Rey\u00a0<\/p>\n<p>&nbsp;<\/p>\n<p>&nbsp;<\/p>\n<\/div><\/div>\n<\/div>\n<\/div>\n<\/div>\n\n<div class=\"et_pb_section_2 et_pb_section et_section_regular et_flex_section\">\n<div class=\"et_pb_row_3 et_pb_row et_flex_row\">\n<div class=\"et_pb_column_4 et_pb_column et_flex_column et_pb_css_mix_blend_mode_passthrough et_flex_column_12_24 et_flex_column_12_24_tablet et_flex_column_24_24_phone\">\n<div class=\"et_pb_image_3 et_pb_image et_pb_module et_flex_module preset--module--divi-image--default\"><span class=\"et_pb_image_wrap\"><img decoding=\"async\" src=\"data:image\/svg+xml;base64,PHN2ZyB3aWR0aD0iMTA4MCIgaGVpZ2h0PSI1NDAiIHZpZXdCb3g9IjAgMCAxMDgwIDU0MCIgeG1sbnM9Imh0dHA6Ly93d3cudzMub3JnLzIwMDAvc3ZnIj4KICAgIDxnIGZpbGw9Im5vbmUiIGZpbGwtcnVsZT0iZXZlbm9kZCI+CiAgICAgICAgPHBhdGggZmlsbD0iI0VCRUJFQiIgZD0iTTAgMGgxMDgwdjU0MEgweiIvPgogICAgICAgIDxwYXRoIGQ9Ik00NDUuNjQ5IDU0MGgtOTguOTk1TDE0NC42NDkgMzM3Ljk5NSAwIDQ4Mi42NDR2LTk4Ljk5NWwxMTYuMzY1LTExNi4zNjVjMTUuNjItMTUuNjIgNDAuOTQ3LTE1LjYyIDU2LjU2OCAwTDQ0NS42NSA1NDB6IiBmaWxsLW9wYWNpdHk9Ii4xIiBmaWxsPSIjMDAwIiBmaWxsLXJ1bGU9Im5vbnplcm8iLz4KICAgICAgICA8Y2lyY2xlIGZpbGwtb3BhY2l0eT0iLjA1IiBmaWxsPSIjMDAwIiBjeD0iMzMxIiBjeT0iMTQ4IiByPSI3MCIvPgogICAgICAgIDxwYXRoIGQ9Ik0xMDgwIDM3OXYxMTMuMTM3TDcyOC4xNjIgMTQwLjMgMzI4LjQ2MiA1NDBIMjE1LjMyNEw2OTkuODc4IDU1LjQ0NmMxNS42Mi0xNS42MiA0MC45NDgtMTUuNjIgNTYuNTY4IDBMMTA4MCAzNzl6IiBmaWxsLW9wYWNpdHk9Ii4yIiBmaWxsPSIjMDAwIiBmaWxsLXJ1bGU9Im5vbnplcm8iLz4KICAgIDwvZz4KPC9zdmc+Cg==\" \/><\/span><\/div>\n<\/div>\n\n<div class=\"et_pb_column_5 et_pb_column et-last-child et_flex_column et_pb_css_mix_blend_mode_passthrough et_flex_column_12_24 et_flex_column_12_24_tablet et_flex_column_24_24_phone\">\n<div class=\"et_pb_image_4 et_pb_image et_pb_module et_flex_module preset--module--divi-image--default\"><span class=\"et_pb_image_wrap\"><img decoding=\"async\" src=\"data:image\/svg+xml;base64,PHN2ZyB3aWR0aD0iMTA4MCIgaGVpZ2h0PSI1NDAiIHZpZXdCb3g9IjAgMCAxMDgwIDU0MCIgeG1sbnM9Imh0dHA6Ly93d3cudzMub3JnLzIwMDAvc3ZnIj4KICAgIDxnIGZpbGw9Im5vbmUiIGZpbGwtcnVsZT0iZXZlbm9kZCI+CiAgICAgICAgPHBhdGggZmlsbD0iI0VCRUJFQiIgZD0iTTAgMGgxMDgwdjU0MEgweiIvPgogICAgICAgIDxwYXRoIGQ9Ik00NDUuNjQ5IDU0MGgtOTguOTk1TDE0NC42NDkgMzM3Ljk5NSAwIDQ4Mi42NDR2LTk4Ljk5NWwxMTYuMzY1LTExNi4zNjVjMTUuNjItMTUuNjIgNDAuOTQ3LTE1LjYyIDU2LjU2OCAwTDQ0NS42NSA1NDB6IiBmaWxsLW9wYWNpdHk9Ii4xIiBmaWxsPSIjMDAwIiBmaWxsLXJ1bGU9Im5vbnplcm8iLz4KICAgICAgICA8Y2lyY2xlIGZpbGwtb3BhY2l0eT0iLjA1IiBmaWxsPSIjMDAwIiBjeD0iMzMxIiBjeT0iMTQ4IiByPSI3MCIvPgogICAgICAgIDxwYXRoIGQ9Ik0xMDgwIDM3OXYxMTMuMTM3TDcyOC4xNjIgMTQwLjMgMzI4LjQ2MiA1NDBIMjE1LjMyNEw2OTkuODc4IDU1LjQ0NmMxNS42Mi0xNS42MiA0MC45NDgtMTUuNjIgNTYuNTY4IDBMMTA4MCAzNzl6IiBmaWxsLW9wYWNpdHk9Ii4yIiBmaWxsPSIjMDAwIiBmaWxsLXJ1bGU9Im5vbnplcm8iLz4KICAgIDwvZz4KPC9zdmc+Cg==\" \/><\/span><\/div>\n<\/div>\n<\/div>\n<\/div>","protected":false},"excerpt":{"rendered":"","protected":false},"author":2,"featured_media":0,"parent":0,"menu_order":0,"comment_status":"closed","ping_status":"closed","template":"","meta":{"footnotes":""},"class_list":["post-345","page","type-page","status-publish","hentry"],"_links":{"self":[{"href":"https:\/\/redarte.cl\/index.php\/wp-json\/wp\/v2\/pages\/345","targetHints":{"allow":["GET"]}}],"collection":[{"href":"https:\/\/redarte.cl\/index.php\/wp-json\/wp\/v2\/pages"}],"about":[{"href":"https:\/\/redarte.cl\/index.php\/wp-json\/wp\/v2\/types\/page"}],"author":[{"embeddable":true,"href":"https:\/\/redarte.cl\/index.php\/wp-json\/wp\/v2\/users\/2"}],"replies":[{"embeddable":true,"href":"https:\/\/redarte.cl\/index.php\/wp-json\/wp\/v2\/comments?post=345"}],"version-history":[{"count":3,"href":"https:\/\/redarte.cl\/index.php\/wp-json\/wp\/v2\/pages\/345\/revisions"}],"predecessor-version":[{"id":352,"href":"https:\/\/redarte.cl\/index.php\/wp-json\/wp\/v2\/pages\/345\/revisions\/352"}],"wp:attachment":[{"href":"https:\/\/redarte.cl\/index.php\/wp-json\/wp\/v2\/media?parent=345"}],"curies":[{"name":"wp","href":"https:\/\/api.w.org\/{rel}","templated":true}]}}

Margarita Cáceres

<div class="et_pb_section_0 et_pb_section et_section_regular et_flex_section">
<div class="et_pb_row_0 et_pb_row et_flex_row">
<div class="et_pb_column_0 et_pb_column et_flex_column et_pb_css_mix_blend_mode_passthrough et_flex_column_12_24 et_flex_column_12_24_tablet et_flex_column_24_24_phone">
<div class="et_pb_image_0 et_pb_image et_pb_module et_flex_module preset--module--divi-image--default"><span class="et_pb_image_wrap"><img loading="lazy" decoding="async" src="https://redarte.cl/wp-content/uploads/2026/08/1000234700.png" title="1000234700" width="1080" height="1350" class="wp-image-338" /></span></div>
</div>

<div class="et_pb_column_1 et_pb_column et-last-child et_flex_column et_pb_css_mix_blend_mode_passthrough et_flex_column_12_24 et_flex_column_12_24_tablet et_flex_column_24_24_phone">
<div class="et_pb_row_1 et_pb_row et_pb_row_nested et_flex_row">
<div class="et_pb_column_2 et_pb_column et-last-child et_flex_column et_pb_css_mix_blend_mode_passthrough et_flex_column_24_24 et_flex_column_24_24_tablet et_flex_column_24_24_phone">
<div class="et_pb_image_1 et_pb_image et_pb_module et_flex_module preset--module--divi-image--default"><span class="et_pb_image_wrap"><img loading="lazy" decoding="async" src="https://redarte.cl/wp-content/uploads/2026/06/IMG_20260612_140258-scaled.jpg" title="IMG_20260612_140258" width="2560" height="2560" class="wp-image-307" /></span></div>
</div>
</div>

<div class="et_pb_image_2 et_pb_image et_pb_module et_flex_module preset--module--divi-image--default"><span class="et_pb_image_wrap"><img loading="lazy" decoding="async" src="https://redarte.cl/wp-content/uploads/2026/06/1782222069717-scaled.jpg" title="1782222069717" width="2560" height="2560" class="wp-image-294" /></span></div>
</div>
</div>
</div>

<div class="et_pb_section_1 et_pb_section et_section_regular et_flex_section">
<div class="et_pb_row_2 et_pb_row et_flex_row">
<div class="et_pb_column_3 et_pb_column et-last-child et_flex_column et_pb_css_mix_blend_mode_passthrough et_flex_column_24_24 et_flex_column_24_24_tablet et_flex_column_24_24_phone">
<div class="et_pb_text_0 et_pb_text et_pb_bg_layout_light et_pb_module et_flex_module preset--module--divi-text--default"><div class="et_pb_text_inner"><p>Margarita Cáceres expone aquí una obra instalativa definida como un micro taller compuesto por objetos formados con tierra, donde un artista puede habitar el vacío de manera lúdica. Esta contemplación pretende tributar esta sencilla materialidad para la inventiva humana sustentable, siendo tan accesible, dúctil y significativa que nos determina incluso vitalmente en lo práctico como en lo simbólico. Nuestro cuerpo está en correspondencia con este elemento. </p>
<p>Cuando decimos la palabra tierra, ésta resuena multidimensionalmente en la realidad. Valorar esta potencia arcana de la tierra no solo implica acciones de sustentabilidad, también nos lleva a una consciencia cosmogónica de lo sagrado que nos constituye, donde el arquetipo de la tierra es nuestra madre, nuestra fuente nutritiva y protectora. La metáfora de esta obra apunta a la posibilidad de rehabilitar en las artes contemporáneas lo artesanal como re-valorización de lo humano, en tanto es uno con la naturaleza.</p>
<p>La obra  está compuesta por mini adoberas, bloques de adobe, recipientes de cerámica, tierra en bruto y el micro díptico “Otoño” realizada sobre una placa de barro revocada con tierra sobre atriles. Se concentra la artista en crear diversidad de texturas a partir de la tierra del territorio que habita, a través de las que comparte con el espectador una representación de su taller a escala, para ser observado desde la intimidad que proporciona la cercanía y la presencia. Junto a esto, el dispositivo expositivo indica un código QR para que el espectador escuche individualmente una capa sonora que contextualiza la obra con los sonidos matéricos en el tratamiento de la tierra.  </p>
<p>Curadora Lucía Rey </p>
<p>&nbsp;</p>
<p>&nbsp;</p>
</div></div>
</div>
</div>
</div>

<div class="et_pb_section_2 et_pb_section et_section_regular et_flex_section">
<div class="et_pb_row_3 et_pb_row et_flex_row">
<div class="et_pb_column_4 et_pb_column et_flex_column et_pb_css_mix_blend_mode_passthrough et_flex_column_12_24 et_flex_column_12_24_tablet et_flex_column_24_24_phone">
<div class="et_pb_image_3 et_pb_image et_pb_module et_flex_module preset--module--divi-image--default"><span class="et_pb_image_wrap"><img decoding="async" src="data:image/svg+xml;base64,PHN2ZyB3aWR0aD0iMTA4MCIgaGVpZ2h0PSI1NDAiIHZpZXdCb3g9IjAgMCAxMDgwIDU0MCIgeG1sbnM9Imh0dHA6Ly93d3cudzMub3JnLzIwMDAvc3ZnIj4KICAgIDxnIGZpbGw9Im5vbmUiIGZpbGwtcnVsZT0iZXZlbm9kZCI+CiAgICAgICAgPHBhdGggZmlsbD0iI0VCRUJFQiIgZD0iTTAgMGgxMDgwdjU0MEgweiIvPgogICAgICAgIDxwYXRoIGQ9Ik00NDUuNjQ5IDU0MGgtOTguOTk1TDE0NC42NDkgMzM3Ljk5NSAwIDQ4Mi42NDR2LTk4Ljk5NWwxMTYuMzY1LTExNi4zNjVjMTUuNjItMTUuNjIgNDAuOTQ3LTE1LjYyIDU2LjU2OCAwTDQ0NS42NSA1NDB6IiBmaWxsLW9wYWNpdHk9Ii4xIiBmaWxsPSIjMDAwIiBmaWxsLXJ1bGU9Im5vbnplcm8iLz4KICAgICAgICA8Y2lyY2xlIGZpbGwtb3BhY2l0eT0iLjA1IiBmaWxsPSIjMDAwIiBjeD0iMzMxIiBjeT0iMTQ4IiByPSI3MCIvPgogICAgICAgIDxwYXRoIGQ9Ik0xMDgwIDM3OXYxMTMuMTM3TDcyOC4xNjIgMTQwLjMgMzI4LjQ2MiA1NDBIMjE1LjMyNEw2OTkuODc4IDU1LjQ0NmMxNS42Mi0xNS42MiA0MC45NDgtMTUuNjIgNTYuNTY4IDBMMTA4MCAzNzl6IiBmaWxsLW9wYWNpdHk9Ii4yIiBmaWxsPSIjMDAwIiBmaWxsLXJ1bGU9Im5vbnplcm8iLz4KICAgIDwvZz4KPC9zdmc+Cg==" /></span></div>
</div>

<div class="et_pb_column_5 et_pb_column et-last-child et_flex_column et_pb_css_mix_blend_mode_passthrough et_flex_column_12_24 et_flex_column_12_24_tablet et_flex_column_24_24_phone">
<div class="et_pb_image_4 et_pb_image et_pb_module et_flex_module preset--module--divi-image--default"><span class="et_pb_image_wrap"><img decoding="async" src="data:image/svg+xml;base64,PHN2ZyB3aWR0aD0iMTA4MCIgaGVpZ2h0PSI1NDAiIHZpZXdCb3g9IjAgMCAxMDgwIDU0MCIgeG1sbnM9Imh0dHA6Ly93d3cudzMub3JnLzIwMDAvc3ZnIj4KICAgIDxnIGZpbGw9Im5vbmUiIGZpbGwtcnVsZT0iZXZlbm9kZCI+CiAgICAgICAgPHBhdGggZmlsbD0iI0VCRUJFQiIgZD0iTTAgMGgxMDgwdjU0MEgweiIvPgogICAgICAgIDxwYXRoIGQ9Ik00NDUuNjQ5IDU0MGgtOTguOTk1TDE0NC42NDkgMzM3Ljk5NSAwIDQ4Mi42NDR2LTk4Ljk5NWwxMTYuMzY1LTExNi4zNjVjMTUuNjItMTUuNjIgNDAuOTQ3LTE1LjYyIDU2LjU2OCAwTDQ0NS42NSA1NDB6IiBmaWxsLW9wYWNpdHk9Ii4xIiBmaWxsPSIjMDAwIiBmaWxsLXJ1bGU9Im5vbnplcm8iLz4KICAgICAgICA8Y2lyY2xlIGZpbGwtb3BhY2l0eT0iLjA1IiBmaWxsPSIjMDAwIiBjeD0iMzMxIiBjeT0iMTQ4IiByPSI3MCIvPgogICAgICAgIDxwYXRoIGQ9Ik0xMDgwIDM3OXYxMTMuMTM3TDcyOC4xNjIgMTQwLjMgMzI4LjQ2MiA1NDBIMjE1LjMyNEw2OTkuODc4IDU1LjQ0NmMxNS42Mi0xNS42MiA0MC45NDgtMTUuNjIgNTYuNTY4IDBMMTA4MCAzNzl6IiBmaWxsLW9wYWNpdHk9Ii4yIiBmaWxsPSIjMDAwIiBmaWxsLXJ1bGU9Im5vbnplcm8iLz4KICAgIDwvZz4KPC9zdmc+Cg==" /></span></div>
</div>
</div>
</div>
